{"id":661,"date":"2021-01-18T03:42:12","date_gmt":"2021-01-18T00:42:12","guid":{"rendered":"https:\/\/ayadernegi.com.tr\/?page_id=661"},"modified":"2021-01-18T03:42:12","modified_gmt":"2021-01-18T00:42:12","slug":"tarihcemiz","status":"publish","type":"page","link":"https:\/\/www.ayadernegi.com.tr\/?page_id=661","title":{"rendered":"Tarih\u00e7emiz"},"content":{"rendered":"","protected":false},"excerpt":{"rendered":"","protected":false},"author":1,"featured_media":0,"parent":0,"menu_order":0,"comment_status":"closed","ping_status":"closed","template":"","meta":{"footnotes":""},"class_list":["post-661","page","type-page","status-publish","hentry","description-off"],"yoast_head":"<!-- This site is optimized with the Yoast SEO plugin v24.6 - https:\/\/yoast.com\/wordpress\/plugins\/seo\/ -->\n<title>Tarih\u00e7emiz - Ankara Yard\u0131mla\u015fma Ailesi<\/title>\n<meta name=\"robots\" content=\"index, follow, max-snippet:-1, max-image-preview:large, max-video-preview:-1\" \/>\n<link rel=\"canonical\" href=\"https:\/\/www.ayadernegi.com.tr\/?page_id=661\" \/>\n<meta property=\"og:locale\" content=\"tr_TR\" \/>\n<meta property=\"og:type\" content=\"article\" \/>\n<meta property=\"og:title\" content=\"Tarih\u00e7emiz - Ankara Yard\u0131mla\u015fma Ailesi\" \/>\n<meta property=\"og:url\" content=\"https:\/\/www.ayadernegi.com.tr\/?page_id=661\" \/>\n<meta property=\"og:site_name\" content=\"Ankara Yard\u0131mla\u015fma Ailesi\" \/>\n<meta name=\"twitter:card\" content=\"summary_large_image\" \/>\n<script type=\"application\/ld+json\" class=\"yoast-schema-graph\">{\"@context\":\"https:\/\/schema.org\",\"@graph\":[{\"@type\":\"WebPage\",\"@id\":\"https:\/\/www.ayadernegi.com.tr\/?page_id=661\",\"url\":\"https:\/\/www.ayadernegi.com.tr\/?page_id=661\",\"name\":\"Tarih\u00e7emiz - Ankara Yard\u0131mla\u015fma Ailesi\",\"isPartOf\":{\"@id\":\"https:\/\/www.ayadernegi.com.tr\/#website\"},\"datePublished\":\"2021-01-18T00:42:12+00:00\",\"breadcrumb\":{\"@id\":\"https:\/\/www.ayadernegi.com.tr\/?page_id=661#breadcrumb\"},\"inLanguage\":\"tr\",\"potentialAction\":[{\"@type\":\"ReadAction\",\"target\":[\"https:\/\/www.ayadernegi.com.tr\/?page_id=661\"]}]},{\"@type\":\"BreadcrumbList\",\"@id\":\"https:\/\/www.ayadernegi.com.tr\/?page_id=661#breadcrumb\",\"itemListElement\":[{\"@type\":\"ListItem\",\"position\":1,\"name\":\"Anasayfa\",\"item\":\"https:\/\/www.ayadernegi.com.tr\/\"},{\"@type\":\"ListItem\",\"position\":2,\"name\":\"Tarih\u00e7emiz\"}]},{\"@type\":\"WebSite\",\"@id\":\"https:\/\/www.ayadernegi.com.tr\/#website\",\"url\":\"https:\/\/www.ayadernegi.com.tr\/\",\"name\":\"Ankara Yard\u0131mla\u015fma Ailesi\",\"description\":\"\",\"potentialAction\":[{\"@type\":\"SearchAction\",\"target\":{\"@type\":\"EntryPoint\",\"urlTemplate\":\"https:\/\/www.ayadernegi.com.tr\/?s={search_term_string}\"},\"query-input\":{\"@type\":\"PropertyValueSpecification\",\"valueRequired\":true,\"valueName\":\"search_term_string\"}}],\"inLanguage\":\"tr\"}]}<\/script>\n<!-- \/ Yoast SEO plugin. -->","yoast_head_json":{"title":"Tarih\u00e7emiz - Ankara Yard\u0131mla\u015fma Ailesi","robots":{"index":"index","follow":"follow","max-snippet":"max-snippet:-1","max-image-preview":"max-image-preview:large","max-video-preview":"max-video-preview:-1"},"canonical":"https:\/\/www.ayadernegi.com.tr\/?page_id=661","og_locale":"tr_TR","og_type":"article","og_title":"Tarih\u00e7emiz - Ankara Yard\u0131mla\u015fma Ailesi","og_url":"https:\/\/www.ayadernegi.com.tr\/?page_id=661","og_site_name":"Ankara Yard\u0131mla\u015fma Ailesi","twitter_card":"summary_large_image","schema":{"@context":"https:\/\/schema.org","@graph":[{"@type":"WebPage","@id":"https:\/\/www.ayadernegi.com.tr\/?page_id=661","url":"https:\/\/www.ayadernegi.com.tr\/?page_id=661","name":"Tarih\u00e7emiz - Ankara Yard\u0131mla\u015fma Ailesi","isPartOf":{"@id":"https:\/\/www.ayadernegi.com.tr\/#website"},"datePublished":"2021-01-18T00:42:12+00:00","breadcrumb":{"@id":"https:\/\/www.ayadernegi.com.tr\/?page_id=661#breadcrumb"},"inLanguage":"tr","potentialAction":[{"@type":"ReadAction","target":["https:\/\/www.ayadernegi.com.tr\/?page_id=661"]}]},{"@type":"BreadcrumbList","@id":"https:\/\/www.ayadernegi.com.tr\/?page_id=661#breadcrumb","itemListElement":[{"@type":"ListItem","position":1,"name":"Anasayfa","item":"https:\/\/www.ayadernegi.com.tr\/"},{"@type":"ListItem","position":2,"name":"Tarih\u00e7emiz"}]},{"@type":"WebSite","@id":"https:\/\/www.ayadernegi.com.tr\/#website","url":"https:\/\/www.ayadernegi.com.tr\/","name":"Ankara Yard\u0131mla\u015fma Ailesi","description":"","potentialAction":[{"@type":"SearchAction","target":{"@type":"EntryPoint","urlTemplate":"https:\/\/www.ayadernegi.com.tr\/?s={search_term_string}"},"query-input":{"@type":"PropertyValueSpecification","valueRequired":true,"valueName":"search_term_string"}}],"inLanguage":"tr"}]}},"_links":{"self":[{"href":"https:\/\/www.ayadernegi.com.tr\/index.php?rest_route=\/wp\/v2\/pages\/661","targetHints":{"allow":["GET"]}}],"collection":[{"href":"https:\/\/www.ayadernegi.com.tr\/index.php?rest_route=\/wp\/v2\/pages"}],"about":[{"href":"https:\/\/www.ayadernegi.com.tr\/index.php?rest_route=\/wp\/v2\/types\/page"}],"author":[{"embeddable":true,"href":"https:\/\/www.ayadernegi.com.tr\/index.php?rest_route=\/wp\/v2\/users\/1"}],"replies":[{"embeddable":true,"href":"https:\/\/www.ayadernegi.com.tr\/index.php?rest_route=%2Fwp%2Fv2%2Fcomments&post=661"}],"version-history":[{"count":1,"href":"https:\/\/www.ayadernegi.com.tr\/index.php?rest_route=\/wp\/v2\/pages\/661\/revisions"}],"predecessor-version":[{"id":662,"href":"https:\/\/www.ayadernegi.com.tr\/index.php?rest_route=\/wp\/v2\/pages\/661\/revisions\/662"}],"wp:attachment":[{"href":"https:\/\/www.ayadernegi.com.tr\/index.php?rest_route=%2Fwp%2Fv2%2Fmedia&parent=661"}],"curies":[{"name":"wp","href":"https:\/\/api.w.org\/{rel}","templated":true}]}}